 the prime factors of l(t).
2, 3
Suppose 4*k = 2*u - 56, -3 = u + 5*k - 10. List the prime factors of u.
2, 11
Suppose -d - l + 3*l + 111 = 0, 0 = -d - 3*l + 131. What are the prime factors of d?
7, 17
Let h(z) = -2*z - 1. Let f be h(-2). Let p(y) = -y + 0*y + y**f - 5 + 6*y**2 - 2*y + 6*y. List the prime factors of p(-5).
5
Let h = 11 - -7. Let c = h - 43. What are the prime factors of (10/c)/((-1)/30)?
2, 3
Let o(j) = 3*j**2 + 11*j + 28. What are the prime factors of o(-11)?
2, 3, 5
Let w be 6/(-4)*(-24)/9. Suppose 78 = w*h - 2*t - t, 30 = 2*h + 3*t. What are the prime factors of h?
2, 3
Suppose -3*f + 0*f = -90. What are the prime factors of f?
2, 3, 5
What are the prime factors of (-3)/9*(4 - 811)?
269
What are the prime factors of (3 - 21/6)*-46?
23
Let q(r) = r + 23. Let z be q(-11). What are the prime factors of (-18)/z*(-8)/3?
2
Let z(v) = -v**3 + 3*v**2 - v. Let c be z(2). Suppose u - c*m + 74 = -0*m, -69 = u - 3*m. List the prime factors of 2/10 + u/(-30).
3
Let j(l) = l**3 - 8*l**2 + 7*l + 2. Let h be j(7). Suppose -3*k - h*d + 142 = 2*d, -2*k + 94 = 3*d. List the prime factors of k.
2, 5
Suppose -h + 25 = -4. What are the prime factors of h?
29
Suppose 280 = -3*u - 83. Let f = 171 + u. Suppose 4*l = -l + f. List the prime factors of l.
2, 5
Let g = -104 + 231. List the prime factors of g.
127
Let u(p) = -11 - 2*p**3 + 8*p**2 + 3*p**3 - 2*p**3 + 3*p. What are the prime factors of u(8)?
13
Suppose 2*c + 3*c + 5*m = 25, 5*m + 10 = 2*c. Let v = 66 - 12. Suppose 0 = c*f - v - 31. List the prime factors of f.
17
Let u(o) = 32*o**2 + 2*o + 1. Let i be u(-1). Let c = i + -21. List the prime factors of c.
2, 5
Suppose 10 = 4*h - 2*x, h - x + 1 - 6 = 0. Suppose h = -4*b - 0*b - 20. Let q = -3 - b. List the prime factors of q.
2
Suppose 0*k + 4*k = 16. Let j = 6 - k. List the prime factors of -22*j*2/(-8).
11
Let b = -234 + 374. What are the prime factors of b?
2, 5, 7
Let l(d) = -d**2 + 2*d - 1. Let f be l(4). Let g = -5 - f. List the prime factors of g.
2
Suppose 2 - 4 = -b. Suppose b*u - 9 = -3*r + 2*r, r = -1. Suppose 5*f = -5*s + u, 9 - 2 = 3*f + s. List the prime factors of f.
3
Let o be (2/4)/((-1)/14). Let b = 11 + o. Suppose 4*w = -3*u + 4, 11 = -3*w - b. List the prime factors of u.
2
Suppose -4*f = 3*a - 118, 2*f = 6*f - 2*a - 128. List the prime factors of f.
31
Suppose 5*n - 1 = -6. Let o be 10*-4*n/(-10). What are the prime factors of 42/(-4)*o/3?
2, 7
Let a(m) = 4*m - m - 3 - 4*m + 9. What are the prime factors of a(0)?
2, 3
What are the prime factors of (3/(-3))/((-2)/8)?
2
Let b(l) = -5*l - 1. Let c(d) = -d**2 - 8*d - 9. Let f be c(-8). What are the prime factors of b(f)?
2, 11
Let r(w) = 2*w**2 - 7*w + 48. What are the prime factors of r(-10)?
2, 3, 53
Let d = 27 + -2. List the prime factors of d.
5
What are the prime factors of 1/3*3 - -9?
2, 5
List the prime factors of ((-5)/(-15))/((-2)/(-12)).
2
Let t(g) = -g + 3. Suppose 0 - 8 = m. Let d be t(m). Suppose d + 10 = 4*c + h, c + 1 = h. What are the prime factors of c?
2
Let x(h) = -9*h - 13. List the prime factors of x(-8).
59
Let y(s) = 2*s - 6. What are the prime factors of y(6)?
2, 3
Suppose -5*f + 2*h + 538 = 98, 2*h - 10 = 0. What are the prime factors of f?
2, 3, 5
Suppose w = 5*w. Suppose a = 5*p - a - 41, w = -5*a + 10. List the prime factors of p.
3
Let l(t) = t**3 - 8*t**2 + 8*t - 4. Let f be l(7). Let d(j) = 2*j**3 - 4*j**2 + j - 3. What are the prime factors of d(f)?
2, 3
Let j = 1 - -1. Suppose 3*b - 5*s = 92, 205 = 2*b + 3*b + j*s. What are the prime factors of b?
3, 13
Let l(c) = 1 + 2*c - c + c. Let h(t) = -t**3 + 10*t**2 - 9*t + 5. Let d be h(9). What are the prime factors of l(d)?
11
Let i(o) be the third derivative of -o**5/60 - 5*o**4/24 + 3*o**3/2 + 3*o**2. List the prime factors of i(-4).
13
Let l = -15 + 15. Suppose l = 5*i - 99 - 46. What are the prime factors of i?
29
Let s(c) = -c**3 + 8*c**2 - 7*c + 2. Let n be s(7). Let f(m) = -n*m + 4*m - m + 8. What are the prime factors of f(-6)?
2
Let f(g) = 5*g - 11. What are the prime factors of f(4)?
3
Let a(h) = -h**2 - 19*h + 32. List the prime factors of a(-16).
2, 5
Let t = -90 - -127. List the prime factors of t.
37
Let h(x) = x**2 - 5*x + 3. What are the prime factors of h(12)?
3, 29
Let y = 225 - 118. What are the prime factors of y?
107
What are the prime factors of 0/(-1) - (-25 - 1)?
2, 13
Let a(x) = 6*x**3 - 2*x**2 + 2*x - 2. Let j be a(2). Let f = j - 13. Suppose -3*c + f = -1. List the prime factors of c.
2, 5
Suppose 6*m = 4*m + 2*b + 200, 0 = -4*m - 2*b + 412. List the prime factors of m.
2, 3, 17
Suppose -5*s = 4*k - 10, 31 = s - 4*s + 5*k. Let u = s - -5. Suppose 0 = 3*v + 5*d - 46, 4*v - u*v - 3*d = -8. What are the prime factors of v?
7
Let h be (2/6)/((-2)/(-54)). Let b = h - 8. List the prime factors of (3 - 2)*b*5.
5
What are the prime factors of (-36)/162 + 2567/9?
3, 5, 19
Let l = -7 - -7. Suppose 0 = 3*y - 2*u - 50, -2*y - 2*u + 9 + 11 = l. What are the prime factors of y?
2, 7
Let x be -2 + 2 + 3 - 1. Let g = x - -11. List the prime factors of g.
13
Let w be 1/((-3)/15*1). Let r(i) = i + 1. Let n be r(4). What are the prime factors of 7/n - 3/w?
2
Let p be (-8 - -13)*(-8)/(-10). Suppose 2*u + 5*k - 1 = 25, -p*k - 26 = -2*u. List the prime factors of u.
13
Let m(x) = 3*x**2 - 4*x + 3. Let y = 3 - 1. List the prime factors of m(y).
7
Let c(w) = w**3 - 8*w**2 + 8*w - 2. Let i be c(7). Let t be i/5 + (0 - -2). Suppose t*u - 69 = 5*l, 2*u = -u - 4*l + 69. List the prime factors of u.
23
Suppose u - 2*g + 75 = 2*u, g = -u + 73. List the prime factors of u.
71
Let c = -137 + 268. What are the prime factors of c?
131
Let w = -7 - -11. Suppose -4*g + 21 = 5*f, -3*g + f = -12 + 1. Let r = w + g. What are the prime factors of r?
2
Suppose -3*c - 2*m - m + 762 = 0, -3*c - m = -754. List the prime factors of c.
2, 5
Let v(g) = -4*g**2 + 3*g - 1. Let i(k) = k**2 + k + 1. Let n(s) = 3*i(s) + v(s). What are the prime factors of n(6)?
2
Let a = -27 + 73. Let t = a - 7. List the prime factors of t.
3, 13
Suppose 0 = 4*p - 2*o + 4, 3*p + 2*o + 3 = 0. Let z be (-1 - 0)/(0 - -1). List the prime factors of (-2 + p/1)/z.
3
Suppose 183 - 39 = 4*n. List the prime factors of n.
2, 3
Let y(u) = u**3 - 2*u**2 - u + 6. List the prime factors of y(3).
2, 3
Let d(j) = 2*j + 1. List the prime factors of d(10).
3, 7
What are the prime factors of (-120)/(-75) + (-2)/(-5)?
2
Let t be 345/6 - (-4)/8. Suppose t = 3*p + 4*d, -p + 32 - 9 = 5*d. What are the prime factors of p?
2, 3
Suppose -138 = -9*o + 6*o. Let j = o - 26. What are the prime factors of j?
2, 5
Suppose 0 = u - 62 + 9. List the prime factors of u.
53
Let z be 25/7 + 6/14. Suppose z*q = -13 + 145. List the prime factors of q.
3, 11
Let d(r) = -r**3 + 9*r**2 + 11*r - 2. Let c be ((-4)/(-8))/(2/(-8)). Let x be c*(2 + -7 - 0). What are the prime factors of d(x)?
2
Suppose 0 = l + 3*j - 26, -3*j + 29 = 4*l - 57. List the prime factors of l.
2, 5
List the prime factors of 141/11 + ((-40)/(-44))/5.
13
Let o(l) = -l**3 + 6*l**2 + 2. Let f be o(6). List the prime factors of (f + (-15)/6)*-10.
5
Let k = -140 + 212. Suppose 0 = 3*f + 12, -5*n = -0*f + 3*f + k. What are the prime factors of ((-3)/2)/(9/n)?
2
Let q be 88/(-12) - (-1)/3. Let d be (-1 + q)*15/(-10). Suppose 3*m - 3 = d. List the prime factors of m.
5
Let c be -1 + 15*(-1)/(-3). Suppose -7*m = 5*j - 2*m - 150, -c*j - m = -105. What are the prime factors of j?
5
Let a(y) be the second derivative of -y**5/20 + y**4/12 - y**3/6 + 11*y**2/2 - 3*y. What are the prime factors of a(0)?
11
Let t(k) = -2*k + 3. Suppose -2*q + 5*q - 9 = 0. Suppose 14 = -q*d - 1. What are the prime factors of t(d)?
13
Let h = 43 - 31. Let z = h - -1. List the prime factors of z.
13
Let w(l) = l**2 - l. Let j(f) = 16*f**2 - 3*f - 1. Let k(g) = j(g) - 4*w(g). List the prime factors of k(1).
2, 3
Let c = -3 - -6. Let i be 6/1 - 1 - 5/5. Suppose -3*t + 22 = c*z + 2*t, -z + i*t + 30 = 0. List the prime factors of z.
2, 7
Let h(a) be the first derivative of -a**2 - 6*a + 3. What are the prime factors of h(-5)?
2
Let x = 11 - -7. List the prime factors of 1/(-6) + 417/x.
23
Let s(j) = -j**3 + 5*j**2 + 8*j - 6. Let z be s(6). Suppose -2*g + 6*g = w - 3, -z = -2*w - 2*g. What are the prime factors of w?
3
Let g(r) = -r**3 - 4*r**2 +